nd o.
10
Suppose 18*p = 3*p + 7695. Calculate the greatest common divisor of 27 and p.
27
Suppose -16*d = -35*d + 950. Calculate the greatest common factor of d and 40.
10
Let a be (1 - 0)/((9/24)/3). Let k be 4/3*1*3. Suppose a = g - k. What is the greatest common divisor of g and 6?
6
Let j be -1 - (-3 + 2) - -3. Suppose m - 2*m - 170 = j*q, 0 = -4*q + 8. Let i = 302 + m. Calculate the greatest common factor of 18 and i.
18
Let l be -1 + (-4212)/(-10) - (-68)/(-340). What is the greatest common factor of 14 and l?
14
Suppose 9*u - 15*u + 30 = 0. What is the greatest common factor of u and 25?
5
Suppose 0 = 19*m - 7551 - 9169. Calculate the highest common divisor of m and 8.
8
Let b be 81 - ((-4)/(-2) - 1). Let x(u) = -6*u**3 + u**2 - u - 1. Let a be x(2). Let n = a + 57. What is the greatest common divisor of b and n?
10
Suppose 0 = -15*a - 2*a + 136. Calculate the greatest common factor of 4 and a.
4
Let g be -2 + (-12)/(-5) + (-626)/(-10). Calculate the highest common divisor of g and 693.
63
Let s be -1 + (55 - (1 - (-4 - 0))). Let c(o) = o**3 + 4*o**2 + 2*o - 1. Let y be c(-3). Suppose s = y*n + 13. What is the highest common factor of 90 and n?
18
Let h(i) = 2*i + 54. Let b(m) = m + 27. Let k(f) = 7*b(f) - 3*h(f). Let v be k(-11). Calculate the highest common divisor of 48 and v.
16
Let j be (-6)/(-4) - 3/(-6). Suppose -h = -5*y - 35, 0*y - 5*y = j*h + 35. Let x(d) = -3*d - 11. Let r be x(y). What is the greatest common divisor of r and 50?
10
Let h(b) = -3*b**2 + 100*b - 18. Let u be h(32). Let n = -2 - -6. Suppose n*j + j = u. Calculate the greatest common divisor of j and 33.
11
Let l be (3/((-15)/43))/((-5)/50). What is the highest common divisor of 516 and l?
86
Suppose 2*t - 5*f - 81 - 164 = 0, 4*f + 244 = 2*t. What is the highest common factor of 630 and t?
30
Let q be (-6)/15 + (-1)/5*-17. Let a be 14/((1 + q)/4). Let y = 205 - 51. Calculate the greatest common divisor of y and a.
14
Suppose -2*r - 35 - 11 = -4*n, -n = -5*r + 2. Let q be 200/(-24) + 8 + (-79)/(-3). Calculate the greatest common factor of q and n.
13
Let m be (60/(-21))/(4/(-14)). Let q = 13 + -8. Calculate the highest common factor of m and q.
5
Let b be (5/(-25))/((1 + -5)/460). What is the highest common factor of b and 69?
23
Suppose 0 = 4*a + 4*n - 4, 3*a = n - 6 + 13. Let w be 195/6*-1*-2. Let p = w + -57. What is the greatest common divisor of a and p?
2
Suppose -12*r + 565 = 37. Calculate the highest common factor of 275 and r.
11
Suppose 5*g - 103 = -d, -5*d + 22*g + 543 = 19*g. What is the greatest common factor of 900 and d?
36
Suppose -20*w + 19*w = 3*f - 45, 3*w + f - 119 = 0. Calculate the greatest common divisor of w and 39.
39
Suppose 2*n - n = 5*b - 43, -11 = -b - n. What is the greatest common factor of 24 and b?
3
Suppose 11*d - 3*d + 536 = 0. Let f = d - -200. Calculate the greatest common divisor of f and 19.
19
Let s = 68 + -31. Let f be ((-148)/(-12))/(1/6). Calculate the highest common factor of f and s.
37
Let j(c) = c**2 - c + 4. Let t = -17 - -20. Let r be 0 - (t - (-4)/2). Let q be j(r). Calculate the highest common factor of 17 and q.
17
Suppose 4*s = -3*o + 1102, 54*s + 736 = 2*o + 58*s. What is the highest common factor of o and 24?
6
Let h(c) = 2*c - 2. Let k be h(1). Suppose -2*w - 91 = 3*n, 0*w + 4*w + n + 167 = k. Let q = w - -80. What is the greatest common factor of q and 26?
13
Let k(i) = 16*i - 127. Let h be k(9). Calculate the greatest common divisor of h and 1513.
17
Suppose 3*q = -2*q + 2*s + 231, -s + 42 = q. Suppose -15 = -3*p, 0 = c + p - 18 - 17. What is the greatest common divisor of c and q?
15
Let c(w) = -2*w**2 - 43*w - 25. Let d be c(-21). Let z be (-42)/(-4) + 2/d. Calculate the highest common divisor of z and 15.
5
Let z = 927 + -775. What is the highest common divisor of 8 and z?
8
Suppose 0*g = -4*g - 5*r + 2, -4 = -2*r. Let z be (-12)/(-8)*(-4)/g. Let y be ((-964)/(-12) - -4)*z. What is the greatest common divisor of 23 and y?
23
Let t = 133 - 126. Suppose h = -3*z + 12 + t, -3*h = 3*z - 27. What is the greatest common factor of 28 and h?
4
Let q = 316 - 235. What is the highest common divisor of 135 and q?
27
Let p be 2/(-1)*236*12/(-24). Calculate the greatest common factor of 4 and p.
4
Let r = 487 - 347. Calculate the highest common divisor of r and 490.
70
Let c be (-1)/(-1) + 4/2. Suppose 4*i + c = w - 2, 15 = 3*w. Suppose i = 3*v + 2*v - 3*r - 112, 4*v - 76 = -r. What is the highest common divisor of 20 and v?
20
Let y = 60 - 33. Suppose -i = m - 9, -5*m - y = -7. What is the greatest common factor of i and 13?
13
Suppose 2*t - 30 - 82 = 0. Let h be (12/(-8))/((-5)/(-30)). Let q be (0 + 210)*(-6)/h. Calculate the highest common divisor of q and t.
28
Let m(l) = -21*l + 26. Let t be m(-2). What is the greatest common divisor of 102 and t?
34
Suppose 6*c = 4*c. Suppose -4*s + c = -8. Let j be 68 - (-4 + s)/2. What is the greatest common divisor of 23 and j?
23
Let q be ((-48)/36)/((-6)/18). Calculate the greatest common factor of 31 and q.
1
Suppose 0 = 2*v + 2*u - 50, -5*u = v - 3*u - 29. Calculate the highest common factor of v and 119.
7
Let r(a) = 2*a**3 - 3 + 4 - a**2 - a**3 + 0*a + a. Let k(o) = 2*o + 37. Let v be k(-17). Let c be r(v). What is the highest common factor of c and 2?
2
Suppose -17*h = 1578 - 4910. What is the greatest common factor of h and 294?
98
Let a be 0 + (0 + 210 - 0). Let q = 169 + -82. Suppose 5*r - 2*r + q = 4*n, n + 3*r - 18 = 0. Calculate the highest common factor of n and a.
21
Let a be (1269/18)/(3/4). Let b(f) = f**3 + 25*f**2 - 23*f + 125. Let x be b(-26). What is the greatest common factor of a and x?
47
Let w be 2*-1*(3 - 1075/10). Suppose 0 = a - 4 - 15. What is the greatest common divisor of a and w?
19
Suppose 3*k + 8 = 5*k, -j - 2*k + 10 = 0. Suppose 0 = 2*m + j*m - 96. Suppose -t + 0*t = -48. Calculate the highest common factor of m and t.
24
Suppose -a = w - 38, -w - 61 = -3*w + 3*a. Let j = -9 - -6. Let m be (j/(-2))/(15/70). What is the greatest common divisor of w and m?
7
Let q be (18/(-21)*20)/((-2)/14). What is the greatest common factor of q and 150?
30
Suppose -2*p + 5*t - 61 = 0, 2*p - 2*t = -10 - 60. Let c = p + 27. Let u = c + 20. What is the highest common divisor of 36 and u?
9
Suppose 0 = 86*j - 75*j - 473. What is the greatest common factor of j and 86?
43
Let p be ((-3060)/(-1785))/((-2)/(-448)). Calculate the greatest common factor of p and 12.
12
Let h be (147/1)/((-7)/((-14)/3)). What is the highest common factor of h and 28?
14
Let w be 13702/238 - -2*2/(-7). What is the greatest common factor of w and 3?
3
Let z = -81 + 86. Let v = z + 10. Calculate the highest common divisor of 5 and v.
5
Let a = 2932 + -1579. Calculate the highest common divisor of a and 11.
11
Let i(b) = 26*b - 246. Let w be i(19). Calculate the greatest common divisor of 8 and w.
8
Let r(u) = -u**3 + 17*u**2 - 11*u - 9. Let z be r(17). Let a be (z/(-5))/((-2)/(-5)). What is the highest common factor of 14 and a?
14
Let z = -2576 - -2681. What is the highest common divisor of 900 and z?
15
Let u be 82 - ((8 - 11) + 2 - -1). Calculate the highest common divisor of u and 1066.
82
Let p = 53 - -15. Let u(a) = -p + 28 - 5*a + 31. Let h be u(-9). Calculate the greatest common factor of 9 and h.
9
Suppose d - l - 32 = -26, -4*l = 20. Calculate the highest common factor of d and 27.
1
Let v(q) = q**3 + 5*q**2 - q - 6. Let s be v(-5). Let o be s/(-2 - (-10)/6). Let d = 48 + -33. What is the greatest common divisor of d and o?
3
Suppose -106 = -7*k + 258. What is the highest common factor of k and 13?
13
Let d = 22 + -18. Suppose -14 - 98 = -d*j. Suppose -25 = -5*u + k + 184, -5*u - 4*k = -214. Calculate the highest common factor of j and u.
14
Let z = 408 + -368. What is the greatest common factor of z and 180?
20
Suppose 44*h = 38*h + 72. Calculate the greatest common divisor of 8 and h.
4
Let u = 2 - 21. Let s = 41 - u. What is the highest common factor of 30 and s?
30
Let h(a) = -a**2 + 10. Let w be h(-4). Let d be (w/(-2))/(-6)*-4. Calculate the greatest common factor of d and 14.
2
Let u = 1 + 10. Let q = -21 - -23. Suppose -3*l = -q*l - 121. What is the highest common divisor of u and l?
11
Let t = 312 + -243. Calculate the greatest common factor of t and 23.
23
Sup